se 11) to base 2.
-101100110
Convert -2a63 (base 12) to base 15.
-1716
What is 261 (base 12) in base 3?
111101
-502 (base 14) to base 6
-4314
-1075 (base 8) to base 13
-351
What is -32012 (base 4) in base 11?
-750
Convert 24346 (base 7) to base 14.
245d
What is 43422 (base 5) in base 7?
11465
What is -1272 (base 9) in base 12?
-678
What is -10546 (base 8) in base 3?
-20002222
What is -6574 (base 8) in base 6?
-23552
What is 2210 (base 11) in base 8?
5543
What is fc7 (base 16) in base 4?
333013
What is -10177 (base 12) in base 16?
-51eb
What is 6575 (base 10) in base 7?
25112
Convert -23302 (base 4) to base 6.
-3254
What is -10552 (base 7) in base 11?
-201a
Convert 1211001 (base 3) to base 9.
1731
Convert 12203 (base 5) to base 12.
654
What is 14234 (base 6) in base 3?
10002111
Convert -a46 (base 11) to base 10.
-1260
What is -21023023 (base 4) in base 2?
-1001001011001011
What is 37b (base 12) in base 7?
1352
Convert 8a8a (base 11) to base 4.
2322310
What is -1011000111001101 (base 2) in base 3?
-2022102211
-30020 (base 5) to base 11
-1464
Convert 11000100001 (base 2) to base 16.
621
What is -1240 (base 7) in base 2?
-111010101
Convert -2117 (base 8) to base 4.
-101033
7192 (base 11) to base 6
112055
Convert 1132 (base 6) to base 16.
110
-232224 (base 6) to base 14
-73ba
What is -2102213 (base 4) in base 15?
-2ba8
What is 1997 (base 11) in base 6?
15410
Convert -cc6d (base 14) to base 8.
-105061
5b23 (base 16) to base 9
35003
27948 (base 10) to base 4
12310230
-1110000111 (base 2) to base 11
-751
-313232 (base 5) to base 3
-112022202
Convert -30203110 (base 4) to base 6.
-1034004
1531 (base 7) to base 14
318
What is 110021210 (base 3) in base 6?
105250
Convert 139 (base 10) to base 8.
213
What is -968 (base 13) in base 8?
-3107
33632 (base 9) to base 4
11131301
Convert 14042 (base 7) to base 5.
110203
3342 (base 7) to base 16
4b6
-220100 (base 3) to base 10
-657
Convert ae (base 15) to base 14.
ba
Convert 45631 (base 10) to base 7.
250015
-1a (base 14) to base 15
-19
3d93 (base 16) to base 7
63646
What is 3016 (base 7) in base 13?
622
Convert 704 (base 11) to base 8.
1523
-117540 (base 8) to base 3
-2001222010
-21000121 (base 3) to base 16
-13ff
What is 11223330 (base 4) in base 10?
23292
4649 (base 12) to base 16
1e99
What is 24561 (base 7) in base 12?
38a6
What is -120210 (base 3) in base 13?
-26a
What is -753 (base 8) in base 7?
-1301
-17381 (base 9) to base 6
-131244
What is -97b (base 15) in base 2?
-100001011101
What is -56 (base 15) in base 2?
-1010001
What is 7704 (base 9) in base 7?
22354
What is 456 (base 8) in base 13?
1a3
What is 7732 (base 8) in base 14?
169c
What is -412243 (base 5) in base 2?
-11010010001000
What is -110000111001011 (base 2) in base 15?
-7640
-111202020 (base 3) to base 11
-7592
-24a (base 12) to base 3
-110211
-3302 (base 10) to base 15
-ea2
1456 (base 12) to base 5
33440
What is -4221 (base 6) in base 2?
-1110110101
1542 (base 10) to base 12
a86
30213001 (base 4) to base 11
35894
Convert -20304 (base 6) to base 5.
-41304
Convert 12211 (base 4) to base 2.
110100101
Convert -1064 (base 15) to base 2.
-110110001101
What is 22311 (base 4) in base 5?
10233
What is 2982 (base 15) in base 7?
34640
Convert -8613 (base 9) to base 11.
-4835
-19a2 (base 16) to base 4
-1212202
1151 (base 6) to base 16
11b
What is 2a414 (base 11) in base 2?
1010100001010011
What is 562 (base 9) in base 13?
296
Convert 13232233 (base 4) to base 13.
11548
-26577 (base 10) to base 2
-110011111010001
What is -1b74 (base 12) in base 15?
-101a
1b5 (base 14) to base 3
111011
What is 12895 (base 12) in base 10?
25457
1a0 (base 11) to base 2
11100111
Convert 11201201 (base 3) to base 12.
1bb4
-1a9 (base 11) to base 3
-22220
Convert a11 (base 12) to base 9.
1884
7adc (base 15) to base 3
1022210000
330 (base 9) to base 8
416
Convert 605 (base 11) to base 13.
443
Convert 31422 (base 8) to base 13.
5c49
What is -109a (base 12) in base 6?
-12314
-17c7 (base 13) to base 8
-6727
7787 (base 11) to base 2
10100000010011
-110011000 (base 2) to base 15
-1c3
What is -20106 (base 7) in base 13?
-2298
Convert 41871 (base 9) to base 4.
12300211
What is -1612 (base 10) in base 16?
-64c
Convert -11560 (base 9) to base 2.
-1111001000101
What is 44465 (base 7) in base 12?
65ab
What is 14043 (base 5) in base 3?
1120112
Convert -114214 (base 7) to base 10.
-20689
Convert -1514 (base 6) to base 16.
-196
Convert -1058c (base 14) to base 5.
-2231040
What is 1525 (base 9) in base 8?
2205
Convert -11842 (base 10) to base 3.
-121020121
11200010100 (base 3) to base 13
32b08
Convert -1c36 (base 13) to base 9.
-5764
What is 544 (base 8) in base 13?
215
Convert 131311 (base 8) to base 7.
250303
Convert d9 (base 15) to base 13.
129
Convert 413421 (base 5) to base 13.
6270
What is 2422 (base 5) in base 2?
101101010
244164 (base 7) to base 6
542513
Convert 1323 (base 11) to base 4.
122313
What is -22121030 (base 4) in base 6?
-525032
Convert -11608 (base 9) to base 13.
-370a
Convert -233250 (base 6) to base 15.
-5eb0
Convert 473 (base 16) to base 6.
5135
4760 (base 9) to base 10
3537
What is -1140032 (base 5) in base 12?
-10383
What is 1012 (base 4) in base 11?
64
Convert -12242 (base 8) to base 5.
-132112
What is -6551 (base 7) in base 15?
-a5e
Convert 100444 (base 5) to base 16.
cb1
-2130132 (base 4) to base 11
-7584
What is 102312 (base 4) in base 9?
1580
-1001101 (base 2) to base 3
-2212
Convert -a49 (base 11) to base 6.
-5503
What is 6c (base 13) in base 11?
82
-2822 (base 12) to base 3
-20100122
141336 (base 7) to base 11
19260
Convert 5454 (base 6) to base 14.
65c
1098a (base 11) to base 15
4a53
What is 5018 (base 12) in base 6?
104032
What is -111238 (base 9) in base 7?
-364661
What is 230b (base 15) in base 3?
101012102
12320 (base 6) to base 15
833
Convert 133314 (base 6) to base 8.
30216
What is -24399 (base 12) in base 14?
-13b93
Convert 487 (base 13) to base 11.
656
73ed (base 15) to base 14
8d19
Convert 1301 (base 4) to base 13.
89
What is -417 (base 8) in base 16?
-10f
What is 201270 (base 8) in base 3?
10100212001
1323 (base 5) to base 16
d5
Convert 3132 (base 5) to base 2.
110100001
Convert 1b28 (base 13) to base 11.
3089
What is -53461 (base 8) in base 11?
-15852
Convert 40 (base 14) to base 16.
38
Convert -232 (base 4) to base 10.
-46
What is -5014 (base 8) in base 14?
-d1a
Convert -4b1 (base 14) to base 10.
-939
What is -4370 (base 10) in base 11?
-3313
What is -5529 (base 13) in base 15?
-37b0
69 (base 10) to base 6
153
Convert -2812 (base 13) to base 4.
-1122001
Convert 245a3 (base 11) to base 15.
a6ee
-11334 (base 6) to base 8
-3152
105346 (base 7) to base 2
100100100001111
91c8 (base 13) to base 3
1000120200
-210112000 (base 3) to base 14
-5a07
16771 (base 9) to base 13
5359
What is 1120100 (base 5) in base 8?
47071
Convert -2282 (base 9) to base 4.
-122132
272b (base 14) to base 10
6899
What is -2080 (base 9) in base 11?
-1171
What is a53f (base 16) in base 10?
42303
-3045 (base 11) to base 13
-1abc
What is -3501 (base 6) in base 4?
-30331
Convert 101101100001 (base 2) to base 13.
1431
-1011111010 (base 2) to base 10
-762
What is -1100111011000 (base 2) in base 6?
-50344
Convert -2211012 (base 3) to base 12.
-1235
Convert 204 (base 9) to base 10.
166
Convert 3130 (base 6) to base 7.
2022
Convert -1010100 (base 2) to base 11.
-77
What is -4b9 (base 12) in base 16?
-2cd
What is -140244 (base 6) in base 12?
-7684
Convert 10a58 (base 12) to base 3.
1010111212
What is -368 (base 16) in base 9?
-1168
What is 21232 (base 5) in base 4?
112202
What is -1063 (base 7) in base 3?
-112101
Convert 10212121 (base 3) to base 11.
2138
What is 23d8 (base 15) in base 4?
1313030
-221221 (base 4) to base 13
-12a0
What is -72 (base 15) in base 13?
-83
Convert 5ed (base 16) to base 15.
6b2
What is 765d (base 15) in base 11?
17915
Convert -3213 (base 4) to base 12.
-173
Convert -230301 (base 4) to base 7.
-11232
27923 (base 10) to base 15
8418
4944 (base 14) to base 12
74a8
Convert -a92 (base 14) to base 3.
-2212100
-30116 (base 8) to base 5
-343431
-71b (base 14) to base 10
-1397
Convert 2304 (base 12) to base 8.
7464
What is d86 (base 15) in base 4?
233223
What is -7206 (base 8) in base 13?
-1900
What is 1407 (base 9) in base 15?
4aa
What is -246a5 (base 11) in base 3?
-121